{"id":958,"date":"2020-03-27T18:29:23","date_gmt":"2020-03-27T18:29:23","guid":{"rendered":"http:\/\/slapakunst.com\/?page_id=958"},"modified":"2020-04-22T08:42:47","modified_gmt":"2020-04-22T08:42:47","slug":"johan-andren","status":"publish","type":"page","link":"http:\/\/slapakunst.com\/kjolelageret\/vinduene\/johan-andren\/","title":{"rendered":"Johan Andr\u00e9n"},"content":{"rendered":"\n<figure class=\"wp-block-image size-large\"><img loading=\"lazy\" decoding=\"async\" width=\"1024\" height=\"682\" src=\"http:\/\/slapakunst.com\/wp-content\/uploads\/Vinduene_Andre\u0301n7077b-1024x682.jpg\" alt=\"\" class=\"wp-image-954\" srcset=\"http:\/\/slapakunst.com\/wp-content\/uploads\/Vinduene_Andre\u0301n7077b-1024x682.jpg 1024w, http:\/\/slapakunst.com\/wp-content\/uploads\/Vinduene_Andre\u0301n7077b-300x200.jpg 300w, http:\/\/slapakunst.com\/wp-content\/uploads\/Vinduene_Andre\u0301n7077b-768x512.jpg 768w, http:\/\/slapakunst.com\/wp-content\/uploads\/Vinduene_Andre\u0301n7077b-1536x1024.jpg 1536w, http:\/\/slapakunst.com\/wp-content\/uploads\/Vinduene_Andre\u0301n7077b.jpg 2000w\" sizes=\"auto, (max-width: 1024px) 100vw, 1024px\" \/><\/figure>\n\n\n\n<p class=\"has-small-font-size\"><strong>Catalogue of Gestures of Power, Third Iteration<\/strong><br>124 Silketrykk p\u00e5 papir, 148 x 210mm p\/ stk (3+1AP)<br>21 000 NOK + 5%<\/p>\n\n\n\n<p class=\"has-small-font-size\">Verket er en samling funnede bilder av mektige personer hender, en studie av deres gester og hvordan de uttrykker sin makt gjennom kroppsspr\u00e5k. Serien er ogs\u00e5 en utforsking av hvordan massemedias bilder deltar i dette skuespillet, og skaper en kollektiv id\u00e9 om disse personene og om makt.\u00a0<br><br>Som tittelen p\u00e5 verket viser er dette den tredje variasjonen av serien, og Andr\u00e9n har denne gangen valgt \u00e5 fokusere p\u00e5 norske \u00f8konomiske makthavere. I krisetider, som n\u00e5 med koronapandemien, blir makthierarkier enn\u00e5 mer synlige enn til vanlig, og det blir tydelig at maktens handlinger f\u00f8rst og fremst er rettet mot \u00e5 beholde den makten de er redd for \u00e5 miste. En p\u00e5driver for valgene av bilder, til den tredje versjonen av dette verket, har ogs\u00e5 v\u00e6rt \u00e5 portrettere den \u00f8konomiske maktelitens frustrasjon og uro i risikoen for \u00e5 miste makt.<\/p>\n\n\n\n<p class=\"has-small-font-size\">Repetisjonen av bildene er en referanse til massemedias sin m\u00e5te \u00e5 publisere samme narrativ og bilder om og om igjen. Men det er ogs\u00e5 en m\u00e5te \u00e5 gjenta noe til det kan bli forst\u00e5tt, som et mantra i en meditasjon som tar sikte p\u00e5 \u00e5 oppn\u00e5 innsikt. Hva er egentlig makt og hvordan skapes den, er den egentlig bare iscenesatt? Repetisjonen er ogs\u00e5 en m\u00e5te \u00e5 poengtere at bildene er akkurat bilder, fysiske objekter som er uavhengige fra det de avbilder, og har individuelle egenskaper og en egen eksistens. <br><\/p>\n\n\n\n<figure class=\"wp-block-image size-large\"><img loading=\"lazy\" decoding=\"async\" width=\"1024\" height=\"682\" src=\"http:\/\/slapakunst.com\/wp-content\/uploads\/Vinduene_Andre\u0301n7027b-1024x682.jpg\" alt=\"\" class=\"wp-image-955\" srcset=\"http:\/\/slapakunst.com\/wp-content\/uploads\/Vinduene_Andre\u0301n7027b-1024x682.jpg 1024w, http:\/\/slapakunst.com\/wp-content\/uploads\/Vinduene_Andre\u0301n7027b-300x200.jpg 300w, http:\/\/slapakunst.com\/wp-content\/uploads\/Vinduene_Andre\u0301n7027b-768x512.jpg 768w, http:\/\/slapakunst.com\/wp-content\/uploads\/Vinduene_Andre\u0301n7027b-1536x1024.jpg 1536w, http:\/\/slapakunst.com\/wp-content\/uploads\/Vinduene_Andre\u0301n7027b.jpg 2000w\" sizes=\"auto, (max-width: 1024px) 100vw, 1024px\" \/><\/figure>\n\n\n\n<p class=\"has-small-font-size\"><strong>Johan Andr\u00e9n <\/strong>er en svensk kunstner som for \u00f8yeblikket er p\u00e5 et gjestekunstneropphold p\u00e5 Lademoen Kunstnerverksteder i Trondheim. I sin kunst fokuserer Andr\u00e9n f\u00f8rst og fremst p\u00e5 \u00e5 pr\u00f8ve \u00e5 finne et nytt blikk p\u00e5 alle tingene vi har rundt oss, og \u00e5 utforske hvordan vi m\u00f8ter dem, hva de betyr for oss og hva de virkelig er utenfor v\u00e5r forst\u00e5else av dem. Johan er spesielt interessert i fotografier, de er s\u00e5 utbredt og brukes i nesten alle deler av v\u00e5re liv, uten av vi fullt ut forst\u00e5r dem. Fotografiet er et magisk objekt, mens du holder det i h\u00e5nden produserer det noe helt annet som ikke er i h\u00e5nden n\u00e5r du ser p\u00e5 det. I kunsten sin unders\u00f8ker Andr\u00e9n hva fotografiet gj\u00f8r med oss, og hva vi gj\u00f8r med det.<\/p>\n\n\n\n<p class=\"has-small-font-size\"><a href=\"https:\/\/www.johanandren.se\/\">https:\/\/www.johanandren.se\/<\/a><\/p>\n\n\n\n<p class=\"has-small-font-size\">\/<\/p>\n\n\n\n<p class=\"has-small-font-size\"><strong>Catalogue of Gestures of Power, Third Iteration<\/strong><br>124 silkscreen prints on paper, 148 x 210mm (3+1AP)<br>21 000 NOK + 5% <\/p>\n\n\n\n<p class=\"has-small-font-size\">The work &#8220;Catalogue of Gestures of Power, Third Iteration&#8221; is a collection of found photographs of powerful persons&#8217; hands, a study of their gestures and how they express their power through body language. The work is also an exploration of how the images of the mass media participate in this spectacle, and create a collective idea about these persons and about power.<br><br>As the title of the work shows this is the third variation of the work, and I have this time chosen to focus on Norwegian economical rulers. In times of crisis, as now with the Corona pandemic, power hierarchies become more visible than usual, and it becomes apparent that the actions of the rulers during a crisis are especially aimed at keeping the power they are scared to lose. This has also directed me in my choice of images, in this third version of my work, to portray the economical power elite&#8217;s frustration and worry when facing the risk of losing their power.&nbsp;<br><br>The repetition of the images is a reference to mass media&#8217;s way to publish the same narratives and images again and again. But it is also a way to repeat something until it can be understood, like a mantra in a meditation that is aimed at insight. What is power and how is it created, is it really just staged? The repetition is also a way of pointing out that the images are in fact images, physical objects that are independent from what they depict, and have individual peculiarities and an existence of their own.&nbsp;<br><\/p>\n\n\n\n<p class=\"has-small-font-size\"><strong>Johan Andr\u00e9n<\/strong> is a Swedish artist currently staying as an artist in residence at Lademoen Kunstnerverksteder in Trondheim. In his artistic practice, he is occupied with trying to find a new way of looking at all the things we surround ourselves with, and exploring how we meet them, what they mean to us, and what they really are beyond our understanding of them. Andr\u00e9n is especially interested in photographs, they are so widely spread and are used in almost all parts of our lives, but we still don&#8217;t completely understand them. To Johan the photograph is a magical object, at the same time that you have it in your hand, it brings forth something else that isn&#8217;t in your hand, when you look at it. In his artistic practice, he explores what photographs do to us, and what we do to them.\u00a0<\/p>\n\n\n\n<p class=\"has-small-font-size\"><a href=\"https:\/\/www.johanandren.se\/\">https:\/\/www.johanandren.se\/<\/a><br><\/p>\n","protected":false},"excerpt":{"rendered":"<p>Catalogue of Gestures of Power, Third Iteration124 Silketrykk p\u00e5 papir, 148 x 210mm p\/ stk (3+1AP)21 000 NOK + 5% Verket er en samling funnede bilder av mektige personer hender, en studie av deres gester og hvordan de uttrykker sin makt gjennom kroppsspr\u00e5k. Serien er ogs\u00e5 en utforsking av hvordan massemedias bilder deltar i dette &hellip; <a href=\"http:\/\/slapakunst.com\/kjolelageret\/vinduene\/johan-andren\/\" class=\"more-link\">Continue reading <span class=\"screen-reader-text\">Johan Andr\u00e9n<\/span><\/a><\/p>\n","protected":false},"author":2,"featured_media":0,"parent":911,"menu_order":0,"comment_status":"closed","ping_status":"closed","template":"","meta":{"jetpack_post_was_ever_published":false,"footnotes":""},"class_list":["post-958","page","type-page","status-publish","hentry"],"jetpack_sharing_enabled":true,"jetpack_shortlink":"https:\/\/wp.me\/P8JsMB-fs","_links":{"self":[{"href":"http:\/\/slapakunst.com\/kjolelageret\/wp-json\/wp\/v2\/pages\/958","targetHints":{"allow":["GET"]}}],"collection":[{"href":"http:\/\/slapakunst.com\/kjolelageret\/wp-json\/wp\/v2\/pages"}],"about":[{"href":"http:\/\/slapakunst.com\/kjolelageret\/wp-json\/wp\/v2\/types\/page"}],"author":[{"embeddable":true,"href":"http:\/\/slapakunst.com\/kjolelageret\/wp-json\/wp\/v2\/users\/2"}],"replies":[{"embeddable":true,"href":"http:\/\/slapakunst.com\/kjolelageret\/wp-json\/wp\/v2\/comments?post=958"}],"version-history":[{"count":8,"href":"http:\/\/slapakunst.com\/kjolelageret\/wp-json\/wp\/v2\/pages\/958\/revisions"}],"predecessor-version":[{"id":1032,"href":"http:\/\/slapakunst.com\/kjolelageret\/wp-json\/wp\/v2\/pages\/958\/revisions\/1032"}],"up":[{"embeddable":true,"href":"http:\/\/slapakunst.com\/kjolelageret\/wp-json\/wp\/v2\/pages\/911"}],"wp:attachment":[{"href":"http:\/\/slapakunst.com\/kjolelageret\/wp-json\/wp\/v2\/media?parent=958"}],"curies":[{"name":"wp","href":"https:\/\/api.w.org\/{rel}","templated":true}]}}