{"id":82,"date":"2017-05-04T10:47:56","date_gmt":"2017-05-04T10:47:56","guid":{"rendered":"http:\/\/slapakunst.com\/?page_id=82"},"modified":"2019-01-20T22:14:57","modified_gmt":"2019-01-20T22:14:57","slug":"samarbeidspartnere","status":"publish","type":"page","link":"http:\/\/slapakunst.com\/kjolelageret\/samarbeidspartnere\/","title":{"rendered":"Samarbeidspartnere"},"content":{"rendered":"<header class=\"entry-header\">\n<p class=\"entry-title\">2018<\/p>\n<p class=\"entry-title\">Tusen\u00e5rskiosken<br \/>\nI samarbeid med Midtbyen Management<\/p>\n<p class=\"entry-title\">\/<\/p>\n<p class=\"entry-title\"><a href=\"http:\/\/www.trondheimopen.org\/\" target=\"_blank\" rel=\"noopener noreferrer\">Trondheim Open<\/a><\/p>\n<p>Trondheim Open er en kunstbiennale initiert av lokale, profesjonelle kunstnere, og drives av en arbeidsgruppe med representanter fra byens atelierfelleskap og kunstnerorganisasjoner. Trondheim Open ble for f\u00f8rste gang gjennomf\u00f8rt i oktober 2011, og \u00e5rets biennale er den femte i rekken.<\/p>\n<p class=\"entry-title\">\n<\/header>\n","protected":false},"excerpt":{"rendered":"<p>2018 Tusen\u00e5rskiosken I samarbeid med Midtbyen Management \/ Trondheim Open Trondheim Open er en kunstbiennale initiert av lokale, profesjonelle kunstnere, og drives av en arbeidsgruppe med representanter fra byens atelierfelleskap og kunstnerorganisasjoner. Trondheim Open ble for f\u00f8rste gang gjennomf\u00f8rt i oktober 2011, og \u00e5rets biennale er den femte i rekken.<\/p>\n","protected":false},"author":2,"featured_media":0,"parent":0,"menu_order":0,"comment_status":"closed","ping_status":"closed","template":"","meta":{"jetpack_post_was_ever_published":false,"footnotes":""},"class_list":["post-82","page","type-page","status-publish","hentry"],"jetpack_sharing_enabled":true,"jetpack_shortlink":"https:\/\/wp.me\/P8JsMB-1k","_links":{"self":[{"href":"http:\/\/slapakunst.com\/kjolelageret\/wp-json\/wp\/v2\/pages\/82","targetHints":{"allow":["GET"]}}],"collection":[{"href":"http:\/\/slapakunst.com\/kjolelageret\/wp-json\/wp\/v2\/pages"}],"about":[{"href":"http:\/\/slapakunst.com\/kjolelageret\/wp-json\/wp\/v2\/types\/page"}],"author":[{"embeddable":true,"href":"http:\/\/slapakunst.com\/kjolelageret\/wp-json\/wp\/v2\/users\/2"}],"replies":[{"embeddable":true,"href":"http:\/\/slapakunst.com\/kjolelageret\/wp-json\/wp\/v2\/comments?post=82"}],"version-history":[{"count":5,"href":"http:\/\/slapakunst.com\/kjolelageret\/wp-json\/wp\/v2\/pages\/82\/revisions"}],"predecessor-version":[{"id":848,"href":"http:\/\/slapakunst.com\/kjolelageret\/wp-json\/wp\/v2\/pages\/82\/revisions\/848"}],"wp:attachment":[{"href":"http:\/\/slapakunst.com\/kjolelageret\/wp-json\/wp\/v2\/media?parent=82"}],"curies":[{"name":"wp","href":"https:\/\/api.w.org\/{rel}","templated":true}]}}