{"id":788,"date":"2018-10-12T08:39:39","date_gmt":"2018-10-12T08:39:39","guid":{"rendered":"http:\/\/slapakunst.com\/?page_id=788"},"modified":"2020-04-03T14:56:10","modified_gmt":"2020-04-03T14:56:10","slug":"sla-pa-kunst-pa-solsiden","status":"publish","type":"page","link":"http:\/\/slapakunst.com\/kjolelageret\/prosjekter\/sla-pa-kunst-pa-solsiden\/","title":{"rendered":"Sl\u00e5 P\u00e5 Kunst p\u00e5 Solsiden"},"content":{"rendered":"\n<p class=\"has-small-font-size\">\u00d8yunn Hustveit, Karoline S\u00e6tre, Per Formo<br>3. aug. \u2013 3. sep.<\/p>\n\n\n\n<p class=\"has-small-font-size\">Velkommen til Sl\u00e5 P\u00e5 Kunst p\u00e5 Solsiden, en pop-up-utstilling med Per Formo, \u00d8yunn Hustveit og Karoline S\u00e6tre. Arbeidene som stilles ut er b\u00e5de digitaltrykk, tekstil- og tekstarbeid og er spesielt valgt ut for disse omgivelsene. I samarbeid med arkitekt og kunstner <a href=\"http:\/\/www.enriqueroura.com\">Enrique Roura<\/a> har vi designet \u00e5pne og fleksible veggkonstruksjoner som danner et gallerirom inne p\u00e5 kj\u00f8pesenteret. Her kan du se kunsten fra b\u00e5de ut- og innsiden, og du kan sette deg ned og gi inntrykkene tid til \u00e5 synke.<br><br><strong>Per Formo<\/strong> (f. 1952, Trondheim) er utdannet ved Musikkonservatoriene i Trondheim og Kristiansand og Kunstakademiet i Trondheim. Formos arbeider er konstruerte geometriske figurer, b\u00e5de i form av malerier og digitale trykk, basert p\u00e5 faste regler. Med dette \u00f8nsker han \u00e5 gj\u00f8re oss bevisst p\u00e5 handlingen \u00e5 se, b\u00e5de \u00e5 se hva vi observerer og \u00e5 observere det \u00e5 se, hva gj\u00f8r vi n\u00e5r vi ser, hvordan jobber vi med \u00e5 konstruere en visuell mening?\u201cPlantekraft 1\u201d og \u201cPlantekraft 2\u201d kommer fra en lang serie arbeider som startet i 2001. Bildene i denne serien er alle bygget p\u00e5 en geometrisk konstruksjon som oppst\u00e5r ved at man trekker linjer mellom endepunktene til roterende diametre i et rutenett av sirkler.<br><br><strong>\u00d8yunn Hustveit<\/strong> (f. 1985, Vinje) har MA fra Kunstakademiet i Trondheim, der hun bor og arbeider. Hustveit jobber hovedsakelig med tekstile collager som resulterer i delikate landskapsbilder. Tematikk knyttet til abstrakte begreper som frav\u00e6r, stillhet og tomhet st\u00e5r sentralt i kunstnerskapet.\u201dRand\u201d er en av flere arbeider der kunstneren \u00f8nsker \u00e5 la horisonten, og det fjerntliggende motivet, konfronteres med n\u00e6rheten i materialenes taktilitet og stofflighet.<br><br><strong>Karoline S\u00e6tre<\/strong> (f. 1992, Trysil) har BA fra Kunstakademiet i Trondheim og holder n\u00e5 p\u00e5 med sin MA ved Malm\u00f6 Konsth\u00f6gskola. Hennes kunstneriske fokus ligger i krysningen mellom kunst, litteratur, bilde og tekst. S\u00e6tre jobber b\u00e5de med rene litter\u00e6re prosjekter, s\u00e5 vel som installasjonsbaserte arbeider hvor tekst og form er viktige elementerSerien hun viser p\u00e5 Solsiden ble laget i 2015, som en del av et studie som ledet til et st\u00f8rre verk som ble stilt ut p\u00e5 hennes avsluttende bachelorutstilling. Teksten er p\u00e5f\u00f8rt med h\u00e5ndlagde stensiler, og ble skrevet gjennom flere \u00f8kter med \u201cautomatekst\u201d \u2013 en skrivemetode som g\u00e5r ut p\u00e5 \u00e5 skrive uten stans i en gitt tidsperiode.Sl\u00e5 P\u00e5 Kunst er et lokalt prosjekt for \u00e5 fremme visning og salg av moderne kunst i Trondheim. Vi er st\u00f8ttet av Kulturr\u00e5det og prosjektet p\u00e5 Solsiden er st\u00f8ttet av Trondheim Kommune, Solsiden Citycon, Floriss Solsiden, Transit Trondheim og Godt Br\u00f8d.<\/p>\n\n\n\n<p>\/<\/p>\n\n\n\n<p class=\"has-small-font-size\">Welcome to Sl\u00e5 P\u00e5 Kunst at Solsiden, a pop up show featuring Per Formo, \u00d8yunn Hustveit and Karoline S\u00e6tre. The exhibited works are digital prints, text and textile based art chosen especially for these surroundings. In collaboration with architect and artist <a href=\"http:\/\/www.enriqueroura.com\">Enrique Roura<\/a> we have designed an open and flexible mechanism constructions that form a separate gallery room inside the shopping mall. <\/p>\n\n\n\n<p class=\"has-small-font-size\"><strong>Per Formo<\/strong> (b. 1952, Trondheim) has a background from the music conservatories in Trondheim and Kristiansand and the Art Academy in Trondheim. Formo constructs geometric figures, both in forms of painting and digital prints, based on a set of rules. He aims to make the act of looking into a conscious effort, both to actually see what we are looking at, and, at the same time, to observe the act of seeing: what we do when we see, how we are working at constructing visual meaning.\u201cPlantekraft 1\u201d and \u201cPlantekraft 2\u201d belongs to a long series of works that started in 2001. The images in this series are all based on a geometric construction produced by drawing lines between the endpoints of diameters rotating in 45 degrees counterclockwise steps in a grid of circles.<br><br><strong>\u00d8yunn Hustveit<\/strong> (b. 1985, Vinje) holds an MA from the Art Academy in Trondheim, where she lives and works. Hustveit creates textile collage work resulting in subtle landscapes. Themes related to abstract concepts like absence, silence and emptiness are central in her artwork.\u201cRand\u201d is one of several works where the artist aims to let the horizon, and the remote motive, be confronted with the proximity in the materials\u2019 tactility and materiality. <br><br><strong>Karoline S\u00e6tre<\/strong> (b. 1992, Trysil) holds a BA from Kunstakademiet i Trondheim from 2015. She is currently doing her MA at Malm\u00f6 Konsth\u00f6gskola, and her artistic focus lies on the intersection between art and literature, image and text. Her working methods vary between textbased surfaces and more literary texts, but is often presented through installations. The series of work presented was made in 2016 as part of a study leading up to a larger work for her BA show. The texts are applied through hand made stencils, and were written through a series of sessions with \u201dautomatic text\u201d \u2013 a method where you write non stop for a certain amount of time. Sl\u00e5 P\u00e5 Kunst is a local project to promote the display and distribution of contemporary art in Trondheim We are supported by Arts Council Norway, and the project at Solsiden is supported by Trondheim Kommune, Solsiden Citycon, Floriss Solsiden, Transit Trondheim and Godt Br\u00f8d.<br><br>Project supported by Trondheim Kommune.<\/p>\n\n\n\n<figure class=\"wp-block-image\"><img loading=\"lazy\" decoding=\"async\" width=\"1024\" height=\"682\" src=\"http:\/\/slapakunst.com\/wp-content\/uploads\/Sla-pa-Kunst_1-1024x682.jpg\" alt=\"\" class=\"wp-image-792\" srcset=\"http:\/\/slapakunst.com\/wp-content\/uploads\/Sla-pa-Kunst_1-1024x682.jpg 1024w, http:\/\/slapakunst.com\/wp-content\/uploads\/Sla-pa-Kunst_1-300x200.jpg 300w, http:\/\/slapakunst.com\/wp-content\/uploads\/Sla-pa-Kunst_1-768x512.jpg 768w, http:\/\/slapakunst.com\/wp-content\/uploads\/Sla-pa-Kunst_1.jpg 2000w\" sizes=\"auto, (max-width: 1024px) 100vw, 1024px\" \/><\/figure>\n\n\n\n<figure class=\"wp-block-image\"><img loading=\"lazy\" decoding=\"async\" width=\"1024\" height=\"682\" src=\"http:\/\/slapakunst.com\/wp-content\/uploads\/Sla-pa-Kunst_2-1024x682.jpg\" alt=\"\" class=\"wp-image-793\" srcset=\"http:\/\/slapakunst.com\/wp-content\/uploads\/Sla-pa-Kunst_2-1024x682.jpg 1024w, http:\/\/slapakunst.com\/wp-content\/uploads\/Sla-pa-Kunst_2-300x200.jpg 300w, http:\/\/slapakunst.com\/wp-content\/uploads\/Sla-pa-Kunst_2-768x512.jpg 768w, http:\/\/slapakunst.com\/wp-content\/uploads\/Sla-pa-Kunst_2.jpg 2000w\" sizes=\"auto, (max-width: 1024px) 100vw, 1024px\" \/><\/figure>\n\n\n\n<figure class=\"wp-block-image\"><img loading=\"lazy\" decoding=\"async\" width=\"1024\" height=\"682\" src=\"http:\/\/slapakunst.com\/wp-content\/uploads\/Sla-pa-Kunst_4-1024x682.jpg\" alt=\"\" class=\"wp-image-795\" srcset=\"http:\/\/slapakunst.com\/wp-content\/uploads\/Sla-pa-Kunst_4-1024x682.jpg 1024w, http:\/\/slapakunst.com\/wp-content\/uploads\/Sla-pa-Kunst_4-300x200.jpg 300w, http:\/\/slapakunst.com\/wp-content\/uploads\/Sla-pa-Kunst_4-768x512.jpg 768w, http:\/\/slapakunst.com\/wp-content\/uploads\/Sla-pa-Kunst_4.jpg 2000w\" sizes=\"auto, (max-width: 1024px) 100vw, 1024px\" \/><\/figure>\n\n\n\n<figure class=\"wp-block-image\"><img loading=\"lazy\" decoding=\"async\" width=\"1024\" height=\"682\" src=\"http:\/\/slapakunst.com\/wp-content\/uploads\/Sla-pa-Kunst_5-1024x682.jpg\" alt=\"\" class=\"wp-image-796\" srcset=\"http:\/\/slapakunst.com\/wp-content\/uploads\/Sla-pa-Kunst_5-1024x682.jpg 1024w, http:\/\/slapakunst.com\/wp-content\/uploads\/Sla-pa-Kunst_5-300x200.jpg 300w, http:\/\/slapakunst.com\/wp-content\/uploads\/Sla-pa-Kunst_5-768x512.jpg 768w, http:\/\/slapakunst.com\/wp-content\/uploads\/Sla-pa-Kunst_5.jpg 2000w\" sizes=\"auto, (max-width: 1024px) 100vw, 1024px\" \/><\/figure>\n\n\n\n<figure class=\"wp-block-image\"><img loading=\"lazy\" decoding=\"async\" width=\"682\" height=\"1024\" src=\"http:\/\/slapakunst.com\/wp-content\/uploads\/Sla-pa-Kunst_3-682x1024.jpg\" alt=\"\" class=\"wp-image-794\" srcset=\"http:\/\/slapakunst.com\/wp-content\/uploads\/Sla-pa-Kunst_3-682x1024.jpg 682w, http:\/\/slapakunst.com\/wp-content\/uploads\/Sla-pa-Kunst_3-200x300.jpg 200w, http:\/\/slapakunst.com\/wp-content\/uploads\/Sla-pa-Kunst_3-768x1152.jpg 768w, http:\/\/slapakunst.com\/wp-content\/uploads\/Sla-pa-Kunst_3.jpg 1333w\" sizes=\"auto, (max-width: 682px) 100vw, 682px\" \/><\/figure>\n\n\n\n<p><\/p>\n","protected":false},"excerpt":{"rendered":"<p>\u00d8yunn Hustveit, Karoline S\u00e6tre, Per Formo3. aug. \u2013 3. sep. Velkommen til Sl\u00e5 P\u00e5 Kunst p\u00e5 Solsiden, en pop-up-utstilling med Per Formo, \u00d8yunn Hustveit og Karoline S\u00e6tre. Arbeidene som stilles ut er b\u00e5de digitaltrykk, tekstil- og tekstarbeid og er spesielt valgt ut for disse omgivelsene. I samarbeid med arkitekt og kunstner Enrique Roura har vi &hellip; <a href=\"http:\/\/slapakunst.com\/kjolelageret\/prosjekter\/sla-pa-kunst-pa-solsiden\/\" class=\"more-link\">Continue reading <span class=\"screen-reader-text\">Sl\u00e5 P\u00e5 Kunst p\u00e5 Solsiden<\/span><\/a><\/p>\n","protected":false},"author":3,"featured_media":0,"parent":655,"menu_order":0,"comment_status":"closed","ping_status":"closed","template":"","meta":{"jetpack_post_was_ever_published":false,"footnotes":""},"class_list":["post-788","page","type-page","status-publish","hentry"],"jetpack_sharing_enabled":true,"jetpack_shortlink":"https:\/\/wp.me\/P8JsMB-cI","_links":{"self":[{"href":"http:\/\/slapakunst.com\/kjolelageret\/wp-json\/wp\/v2\/pages\/788","targetHints":{"allow":["GET"]}}],"collection":[{"href":"http:\/\/slapakunst.com\/kjolelageret\/wp-json\/wp\/v2\/pages"}],"about":[{"href":"http:\/\/slapakunst.com\/kjolelageret\/wp-json\/wp\/v2\/types\/page"}],"author":[{"embeddable":true,"href":"http:\/\/slapakunst.com\/kjolelageret\/wp-json\/wp\/v2\/users\/3"}],"replies":[{"embeddable":true,"href":"http:\/\/slapakunst.com\/kjolelageret\/wp-json\/wp\/v2\/comments?post=788"}],"version-history":[{"count":23,"href":"http:\/\/slapakunst.com\/kjolelageret\/wp-json\/wp\/v2\/pages\/788\/revisions"}],"predecessor-version":[{"id":1063,"href":"http:\/\/slapakunst.com\/kjolelageret\/wp-json\/wp\/v2\/pages\/788\/revisions\/1063"}],"up":[{"embeddable":true,"href":"http:\/\/slapakunst.com\/kjolelageret\/wp-json\/wp\/v2\/pages\/655"}],"wp:attachment":[{"href":"http:\/\/slapakunst.com\/kjolelageret\/wp-json\/wp\/v2\/media?parent=788"}],"curies":[{"name":"wp","href":"https:\/\/api.w.org\/{rel}","templated":true}]}}