{"id":618,"date":"2018-01-26T12:33:18","date_gmt":"2018-01-26T12:33:18","guid":{"rendered":"http:\/\/slapakunst.com\/?page_id=618"},"modified":"2020-04-03T10:42:08","modified_gmt":"2020-04-03T10:42:08","slug":"tusenarskiosken","status":"publish","type":"page","link":"http:\/\/slapakunst.com\/kjolelageret\/samarbeidspartnere\/tusenarskiosken\/","title":{"rendered":"Tusen\u00e5rskiosken"},"content":{"rendered":"\n<p class=\"has-small-font-size\"><span style=\"font-weight: 400;\">Tusen\u00e5rskiosken<br><\/span>Kongens gate 10, 7011 Trondheim<\/p>\n\n\n\n<p class=\"has-small-font-size p1\">Reidun Synn\u00f8ve Gravelseter \/ Kristine Wathne \/ Eva Ballo<br>24.2 \u2013 1.4.2018<\/p>\n\n\n\n<p class=\"has-small-font-size\">Kiosken, bygget i tre med vinduer rundt hele, er en del Trondheims bybilde og eid av byens befolkning. Etter avtale med Midtbyen Management, som forvalter den, fikk vi anledning til \u00e5 arrangere tre kunstutstillinger. De utvalgte kunstnerne ble spurt om \u00e5 produsere en utstilling som som kunne st\u00e5 i offentlig rom, og v\u00e6re tilgjengelig 24 timer i d\u00f8gnet, 7 dager i uka. <br><br>\/<br><br><span style=\"font-weight: 400;\">The kiosk, made of wood and covered by windows, is part of Trondheim cityscape, is in the public domain and under Midtbyen management and care. We borrowed it to host a series of three public art events. The selected artists were challenged to produce an exhibition capable of living in the public sphere for 24 hours, 7 days a week.<\/span><\/p>\n\n\n\n<figure class=\"wp-block-image\"><img loading=\"lazy\" decoding=\"async\" width=\"1024\" height=\"664\" src=\"http:\/\/slapakunst.com\/wp-content\/uploads\/tusenarkisoken_web.jpg\" alt=\"\" class=\"wp-image-677\" srcset=\"http:\/\/slapakunst.com\/wp-content\/uploads\/tusenarkisoken_web.jpg 1024w, http:\/\/slapakunst.com\/wp-content\/uploads\/tusenarkisoken_web-300x195.jpg 300w, http:\/\/slapakunst.com\/wp-content\/uploads\/tusenarkisoken_web-768x498.jpg 768w\" sizes=\"auto, (max-width: 1024px) 100vw, 1024px\" \/><\/figure>\n\n\n\n<p class=\"has-small-font-size\">I samarbeid med Midtbyen Management. \/  In collaboration with Midbyen Management.<\/p>\n","protected":false},"excerpt":{"rendered":"<p>Tusen\u00e5rskioskenKongens gate 10, 7011 Trondheim Reidun Synn\u00f8ve Gravelseter \/ Kristine Wathne \/ Eva Ballo24.2 \u2013 1.4.2018 Kiosken, bygget i tre med vinduer rundt hele, er en del Trondheims bybilde og eid av byens befolkning. Etter avtale med Midtbyen Management, som forvalter den, fikk vi anledning til \u00e5 arrangere tre kunstutstillinger. De utvalgte kunstnerne ble spurt &hellip; <a href=\"http:\/\/slapakunst.com\/kjolelageret\/samarbeidspartnere\/tusenarskiosken\/\" class=\"more-link\">Continue reading <span class=\"screen-reader-text\">Tusen\u00e5rskiosken<\/span><\/a><\/p>\n","protected":false},"author":2,"featured_media":0,"parent":82,"menu_order":0,"comment_status":"closed","ping_status":"closed","template":"","meta":{"jetpack_post_was_ever_published":false,"footnotes":""},"class_list":["post-618","page","type-page","status-publish","hentry"],"jetpack_sharing_enabled":true,"jetpack_shortlink":"https:\/\/wp.me\/P8JsMB-9Y","_links":{"self":[{"href":"http:\/\/slapakunst.com\/kjolelageret\/wp-json\/wp\/v2\/pages\/618","targetHints":{"allow":["GET"]}}],"collection":[{"href":"http:\/\/slapakunst.com\/kjolelageret\/wp-json\/wp\/v2\/pages"}],"about":[{"href":"http:\/\/slapakunst.com\/kjolelageret\/wp-json\/wp\/v2\/types\/page"}],"author":[{"embeddable":true,"href":"http:\/\/slapakunst.com\/kjolelageret\/wp-json\/wp\/v2\/users\/2"}],"replies":[{"embeddable":true,"href":"http:\/\/slapakunst.com\/kjolelageret\/wp-json\/wp\/v2\/comments?post=618"}],"version-history":[{"count":5,"href":"http:\/\/slapakunst.com\/kjolelageret\/wp-json\/wp\/v2\/pages\/618\/revisions"}],"predecessor-version":[{"id":1039,"href":"http:\/\/slapakunst.com\/kjolelageret\/wp-json\/wp\/v2\/pages\/618\/revisions\/1039"}],"up":[{"embeddable":true,"href":"http:\/\/slapakunst.com\/kjolelageret\/wp-json\/wp\/v2\/pages\/82"}],"wp:attachment":[{"href":"http:\/\/slapakunst.com\/kjolelageret\/wp-json\/wp\/v2\/media?parent=618"}],"curies":[{"name":"wp","href":"https:\/\/api.w.org\/{rel}","templated":true}]}}