{"id":1151,"date":"2020-05-07T06:43:06","date_gmt":"2020-05-07T06:43:06","guid":{"rendered":"http:\/\/slapakunst.com\/?page_id=1151"},"modified":"2020-05-27T09:46:05","modified_gmt":"2020-05-27T09:46:05","slug":"hanna-fauske","status":"publish","type":"page","link":"http:\/\/slapakunst.com\/kjolelageret\/vinduene\/hanna-fauske\/","title":{"rendered":"Hanna Fauske"},"content":{"rendered":"\n<figure class=\"wp-block-image size-large\"><img loading=\"lazy\" decoding=\"async\" width=\"1024\" height=\"682\" src=\"http:\/\/slapakunst.com\/wp-content\/uploads\/Vinduene_Fauske_7742-1024x682.jpg\" alt=\"\" class=\"wp-image-1175\" srcset=\"http:\/\/slapakunst.com\/wp-content\/uploads\/Vinduene_Fauske_7742-1024x682.jpg 1024w, http:\/\/slapakunst.com\/wp-content\/uploads\/Vinduene_Fauske_7742-300x200.jpg 300w, http:\/\/slapakunst.com\/wp-content\/uploads\/Vinduene_Fauske_7742-768x512.jpg 768w, http:\/\/slapakunst.com\/wp-content\/uploads\/Vinduene_Fauske_7742-1536x1024.jpg 1536w, http:\/\/slapakunst.com\/wp-content\/uploads\/Vinduene_Fauske_7742.jpg 2000w\" sizes=\"auto, (max-width: 1024px) 100vw, 1024px\" \/><\/figure>\n\n\n\n<figure class=\"wp-block-image size-large\"><img loading=\"lazy\" decoding=\"async\" width=\"1024\" height=\"682\" src=\"http:\/\/slapakunst.com\/wp-content\/uploads\/Vinduene_Fauske_7700-1024x682.jpg\" alt=\"\" class=\"wp-image-1176\" srcset=\"http:\/\/slapakunst.com\/wp-content\/uploads\/Vinduene_Fauske_7700-1024x682.jpg 1024w, http:\/\/slapakunst.com\/wp-content\/uploads\/Vinduene_Fauske_7700-300x200.jpg 300w, http:\/\/slapakunst.com\/wp-content\/uploads\/Vinduene_Fauske_7700-768x512.jpg 768w, http:\/\/slapakunst.com\/wp-content\/uploads\/Vinduene_Fauske_7700-1536x1024.jpg 1536w, http:\/\/slapakunst.com\/wp-content\/uploads\/Vinduene_Fauske_7700.jpg 2000w\" sizes=\"auto, (max-width: 1024px) 100vw, 1024px\" \/><\/figure>\n\n\n\n<p class=\"has-small-font-size\">Editions: 3 + 2<br>Price: 8000 NOK\u00a0<br>Length: 25 min (loop)<br><\/p>\n\n\n\n<p class=\"has-small-font-size\"><strong><em>Pikekos <\/em>(2019)<\/strong><br>Det handler om harmoniske tilstander i et fr\u00e5tsende harem av bedagelige piker, ostedipp og sigaretter. Med ubemerkelige og smude bevegelser kan man falle bakover i en myk pute uten \u00e5 bry seg om at asken fra sneipen har festet seg p\u00e5 det fuktige brystet som er smurt inn med saften fra hermetiske asparges.&nbsp;<\/p>\n\n\n\n<p class=\"has-small-font-size\"><strong><em>Snookerboyz <\/em>(2018)<\/strong><br><em>Snookerboyz<\/em> er en parodi p\u00e5 biljardspillet snooker og vises p\u00e5 den fiktive tvkanalen HFTV (Hanna Fauske Televisjon). Her m\u00f8ter vi to lekre herremenn i en intens konkurranse hvor man bruker den harde k\u00f8lle for touche ballene rett i hullene. Spenningen er heit og atmosf\u00e6ren sensuell.&nbsp;<\/p>\n\n\n\n<p class=\"has-small-font-size\"><strong><em>Fjernsynskj\u00f8kkenet <\/em>(2017)<\/strong><br><em>Fjernsynskj\u00f8kkenet<\/em> er en parodi p\u00e5 et klassisk norsk fjernsynskj\u00f8kken og vises p\u00e5 den fiktive tv-kanalen HFTV (Hanna Fauske Televisjon). Her m\u00f8ter vi kokken Vigdis Vigel, som i denne episoden skal vise seerne hvordan \u00e5 lage den tradisjonelle retten \u201chakk\u201d. Men det er lov \u00e5 ta seg et lite glass r\u00f8dt mellom slagene.<br><\/p>\n\n\n\n<p class=\"has-small-font-size\"><strong><em>Sviskekompott <\/em>(2019)<\/strong><br>Sviskekompott er et utplukk fra prosjektet \u201c<em>Dem om det<\/em>\u201d, som er et videoprosjekt best\u00e5ende av en rekke individuelle snutter, som hver for seg forteller sm\u00e5, korte historier fra ulike karakterers private settinger. I <em>sviskekompott<\/em> m\u00f8ter vi et eldre ektepar i sine daglige rutiner, der vanene g\u00e5r p\u00e5 automatikk og hverdagspratens fyllende ord er brukt opp. Likevel holder de sammen, dag ut og dag inn, som pingvinene p\u00e5 den s\u00f8rlige halvkule, men hvor sj\u00f8mat er byttet med brun, s\u00f8t kompott.<br><\/p>\n\n\n\n<p class=\"has-small-font-size\"><strong>Hanna Fauske <\/strong>(f. 1988) er en billedkunstner fra Fredrikstad, med bachelorgrad fra Kunstakademiet i Trondheim (2014). Hun skaper bilder gjennom iscenesettelser og komposisjoner som gjerne kommer til uttrykk via foto og video. I hennes arbeider beveger vi oss i en fiktiv verden inspirert av virkelighetens hverdag og s\u00e5kalt vanlige folk. Vi blir invitert tett inn i den private sf\u00e6rer hvor hun trekker frem elementer og situasjoner som tilsynelatende er helt normale og har blitt s\u00e5 vanlige at vi tar de for gitt. I arbeidene slipper hun inn muligheten for det alternative og absurde, hvor ogs\u00e5 humor og positivitet er med p\u00e5 \u00e5 skape en lettbeint stemning rundt det aparte.&nbsp;<\/p>\n\n\n\n<p>\/\/<\/p>\n\n\n\n<figure class=\"wp-block-image size-large\"><img loading=\"lazy\" decoding=\"async\" width=\"1024\" height=\"682\" src=\"http:\/\/slapakunst.com\/wp-content\/uploads\/Vinduene_Fauske_7717-1024x682.jpg\" alt=\"\" class=\"wp-image-1177\" srcset=\"http:\/\/slapakunst.com\/wp-content\/uploads\/Vinduene_Fauske_7717-1024x682.jpg 1024w, http:\/\/slapakunst.com\/wp-content\/uploads\/Vinduene_Fauske_7717-300x200.jpg 300w, http:\/\/slapakunst.com\/wp-content\/uploads\/Vinduene_Fauske_7717-768x512.jpg 768w, http:\/\/slapakunst.com\/wp-content\/uploads\/Vinduene_Fauske_7717-1536x1024.jpg 1536w, http:\/\/slapakunst.com\/wp-content\/uploads\/Vinduene_Fauske_7717.jpg 2000w\" sizes=\"auto, (max-width: 1024px) 100vw, 1024px\" \/><\/figure>\n\n\n\n<figure class=\"wp-block-image size-large\"><img loading=\"lazy\" decoding=\"async\" width=\"1024\" height=\"682\" src=\"http:\/\/slapakunst.com\/wp-content\/uploads\/Vinduene_Fauske_7683-1024x682.jpg\" alt=\"\" class=\"wp-image-1178\" srcset=\"http:\/\/slapakunst.com\/wp-content\/uploads\/Vinduene_Fauske_7683-1024x682.jpg 1024w, http:\/\/slapakunst.com\/wp-content\/uploads\/Vinduene_Fauske_7683-300x200.jpg 300w, http:\/\/slapakunst.com\/wp-content\/uploads\/Vinduene_Fauske_7683-768x512.jpg 768w, http:\/\/slapakunst.com\/wp-content\/uploads\/Vinduene_Fauske_7683-1536x1024.jpg 1536w, http:\/\/slapakunst.com\/wp-content\/uploads\/Vinduene_Fauske_7683.jpg 2000w\" sizes=\"auto, (max-width: 1024px) 100vw, 1024px\" \/><\/figure>\n\n\n\n<p class=\"has-small-font-size\"><strong><em>Pikekos <\/em>(2019)<\/strong><br>It&#8217;s all about harmonious states in a flattering harem of ridiculous girls, cheese dips and cigarettes. With unobtrusive and dirty movements, one can fall backwards in a soft pillow without worrying that the ash from the cigarette has stuck to the damp chest that is lubricated with the juice from canned asparagus.<\/p>\n\n\n\n<p class=\"has-small-font-size\"><strong><em>Snookerboyz <\/em>(2018)<\/strong><br><em>Snookerboyz<\/em> is a parody of the pool game and appears on the fictional television channel HFTV (Hanna Fauske Television). Here we meet two lovely gentlemen in an intense competition using the hard club to the balls balls right in the holes. The excitement is hot and the atmosphere sensual.<br><\/p>\n\n\n\n<p class=\"has-small-font-size\"><strong><em>Fjernsynskj\u00f8kkenet <\/em>(2017)<\/strong><br><em>Fjernsynskj\u00f8kkenet<\/em> is a parody of a classic Norwegian television kitchen and is shown on the fictional television channel HFTV (Hanna Fauske Television). We meet chef Vigdis Vigel, who in this episode will show viewers how to make the traditional dish &#8220;hakk&#8221;. It is of course permissible to take a small glass of red between the strokes.<br><\/p>\n\n\n\n<p class=\"has-small-font-size\"><strong><em>Sviskekompott <\/em>(2019)<\/strong><br>Sviskekompott is a selection from the project &#8220;<em>Dem om det<\/em>&#8220;, which is a video project consisting of a number of individual scenes, each of which tells short stories from different characters&#8217; private settings. In<em> sviskekompott<\/em>, we meet an elderly couple in their daily routines, where the habits go on automatically and the everyday words of everyday talk are used up. Still, they stick together, day in and day out, like the penguins of the southern hemisphere,&nbsp; where seafood is swapped with brown, sweet compote.<br><\/p>\n\n\n\n<p class=\"has-small-font-size\"><strong>Hanna Fauske <\/strong>(b. 1988, Fredrikstad) holds a BA fra the Art Academy in Trondheim (2014). She creates images through staging and compositions often expressed through photography and video. In her works we move around in a fictive world inspired by the everyday of reality and so called normal people. We are invited into the private sphere where she highlights elements and situations that seem to be completely normal and have become so commonplace that we take them for granted. In the works, she seeks the opportunity for the alternative and the absurd, where humor and positivity also help to create an easy-going atmosphere around the separate.<\/p>\n\n\n\n<figure class=\"wp-block-image size-large\"><img loading=\"lazy\" decoding=\"async\" width=\"819\" height=\"1024\" src=\"http:\/\/slapakunst.com\/wp-content\/uploads\/map8-819x1024.jpg\" alt=\"\" class=\"wp-image-1169\" srcset=\"http:\/\/slapakunst.com\/wp-content\/uploads\/map8-819x1024.jpg 819w, http:\/\/slapakunst.com\/wp-content\/uploads\/map8-240x300.jpg 240w, http:\/\/slapakunst.com\/wp-content\/uploads\/map8-768x960.jpg 768w, http:\/\/slapakunst.com\/wp-content\/uploads\/map8-1229x1536.jpg 1229w, http:\/\/slapakunst.com\/wp-content\/uploads\/map8-1638x2048.jpg 1638w, http:\/\/slapakunst.com\/wp-content\/uploads\/map8-scaled.jpg 2048w\" sizes=\"auto, (max-width: 819px) 100vw, 819px\" \/><\/figure>\n","protected":false},"excerpt":{"rendered":"<p>Editions: 3 + 2Price: 8000 NOK\u00a0Length: 25 min (loop) Pikekos (2019)Det handler om harmoniske tilstander i et fr\u00e5tsende harem av bedagelige piker, ostedipp og sigaretter. Med ubemerkelige og smude bevegelser kan man falle bakover i en myk pute uten \u00e5 bry seg om at asken fra sneipen har festet seg p\u00e5 det fuktige brystet som &hellip; <a href=\"http:\/\/slapakunst.com\/kjolelageret\/vinduene\/hanna-fauske\/\" class=\"more-link\">Continue reading <span class=\"screen-reader-text\">Hanna Fauske<\/span><\/a><\/p>\n","protected":false},"author":2,"featured_media":0,"parent":911,"menu_order":0,"comment_status":"closed","ping_status":"closed","template":"","meta":{"jetpack_post_was_ever_published":false,"footnotes":""},"class_list":["post-1151","page","type-page","status-publish","hentry"],"jetpack_sharing_enabled":true,"jetpack_shortlink":"https:\/\/wp.me\/P8JsMB-iz","_links":{"self":[{"href":"http:\/\/slapakunst.com\/kjolelageret\/wp-json\/wp\/v2\/pages\/1151","targetHints":{"allow":["GET"]}}],"collection":[{"href":"http:\/\/slapakunst.com\/kjolelageret\/wp-json\/wp\/v2\/pages"}],"about":[{"href":"http:\/\/slapakunst.com\/kjolelageret\/wp-json\/wp\/v2\/types\/page"}],"author":[{"embeddable":true,"href":"http:\/\/slapakunst.com\/kjolelageret\/wp-json\/wp\/v2\/users\/2"}],"replies":[{"embeddable":true,"href":"http:\/\/slapakunst.com\/kjolelageret\/wp-json\/wp\/v2\/comments?post=1151"}],"version-history":[{"count":6,"href":"http:\/\/slapakunst.com\/kjolelageret\/wp-json\/wp\/v2\/pages\/1151\/revisions"}],"predecessor-version":[{"id":1180,"href":"http:\/\/slapakunst.com\/kjolelageret\/wp-json\/wp\/v2\/pages\/1151\/revisions\/1180"}],"up":[{"embeddable":true,"href":"http:\/\/slapakunst.com\/kjolelageret\/wp-json\/wp\/v2\/pages\/911"}],"wp:attachment":[{"href":"http:\/\/slapakunst.com\/kjolelageret\/wp-json\/wp\/v2\/media?parent=1151"}],"curies":[{"name":"wp","href":"https:\/\/api.w.org\/{rel}","templated":true}]}}