{"id":1077,"date":"2020-04-10T07:48:34","date_gmt":"2020-04-10T07:48:34","guid":{"rendered":"http:\/\/slapakunst.com\/?page_id=1077"},"modified":"2020-04-22T08:42:41","modified_gmt":"2020-04-22T08:42:41","slug":"pia-antonsen-rognes","status":"publish","type":"page","link":"http:\/\/slapakunst.com\/kjolelageret\/vinduene\/pia-antonsen-rognes\/","title":{"rendered":"Pia Antonsen Rognes"},"content":{"rendered":"\n<figure class=\"wp-block-image size-large\"><img loading=\"lazy\" decoding=\"async\" width=\"1024\" height=\"682\" src=\"http:\/\/slapakunst.com\/wp-content\/uploads\/Vinduene_Rognes_7354-1024x682.jpg\" alt=\"\" class=\"wp-image-1099\" srcset=\"http:\/\/slapakunst.com\/wp-content\/uploads\/Vinduene_Rognes_7354-1024x682.jpg 1024w, http:\/\/slapakunst.com\/wp-content\/uploads\/Vinduene_Rognes_7354-300x200.jpg 300w, http:\/\/slapakunst.com\/wp-content\/uploads\/Vinduene_Rognes_7354-768x512.jpg 768w, http:\/\/slapakunst.com\/wp-content\/uploads\/Vinduene_Rognes_7354-1536x1024.jpg 1536w, http:\/\/slapakunst.com\/wp-content\/uploads\/Vinduene_Rognes_7354.jpg 2000w\" sizes=\"auto, (max-width: 1024px) 100vw, 1024px\" \/><\/figure>\n\n\n\n<figure class=\"wp-block-image size-large\"><img loading=\"lazy\" decoding=\"async\" width=\"1024\" height=\"682\" src=\"http:\/\/slapakunst.com\/wp-content\/uploads\/Vinduene_Rognes_7389-1024x682.jpg\" alt=\"\" class=\"wp-image-1101\" srcset=\"http:\/\/slapakunst.com\/wp-content\/uploads\/Vinduene_Rognes_7389-1024x682.jpg 1024w, http:\/\/slapakunst.com\/wp-content\/uploads\/Vinduene_Rognes_7389-300x200.jpg 300w, http:\/\/slapakunst.com\/wp-content\/uploads\/Vinduene_Rognes_7389-768x512.jpg 768w, http:\/\/slapakunst.com\/wp-content\/uploads\/Vinduene_Rognes_7389-1536x1024.jpg 1536w, http:\/\/slapakunst.com\/wp-content\/uploads\/Vinduene_Rognes_7389.jpg 2000w\" sizes=\"auto, (max-width: 1024px) 100vw, 1024px\" \/><\/figure>\n\n\n\n<figure class=\"wp-block-image size-large\"><img loading=\"lazy\" decoding=\"async\" width=\"1024\" height=\"682\" src=\"http:\/\/slapakunst.com\/wp-content\/uploads\/Vinduene_Rognes_7204-1024x682.jpg\" alt=\"\" class=\"wp-image-1102\" srcset=\"http:\/\/slapakunst.com\/wp-content\/uploads\/Vinduene_Rognes_7204-1024x682.jpg 1024w, http:\/\/slapakunst.com\/wp-content\/uploads\/Vinduene_Rognes_7204-300x200.jpg 300w, http:\/\/slapakunst.com\/wp-content\/uploads\/Vinduene_Rognes_7204-768x512.jpg 768w, http:\/\/slapakunst.com\/wp-content\/uploads\/Vinduene_Rognes_7204-1536x1024.jpg 1536w, http:\/\/slapakunst.com\/wp-content\/uploads\/Vinduene_Rognes_7204.jpg 2000w\" sizes=\"auto, (max-width: 1024px) 100vw, 1024px\" \/><\/figure>\n\n\n\n<figure class=\"wp-block-image size-large\"><img loading=\"lazy\" decoding=\"async\" width=\"1024\" height=\"682\" src=\"http:\/\/slapakunst.com\/wp-content\/uploads\/Vinduene_Rognes_7370-1024x682.jpg\" alt=\"\" class=\"wp-image-1100\" srcset=\"http:\/\/slapakunst.com\/wp-content\/uploads\/Vinduene_Rognes_7370-1024x682.jpg 1024w, http:\/\/slapakunst.com\/wp-content\/uploads\/Vinduene_Rognes_7370-300x200.jpg 300w, http:\/\/slapakunst.com\/wp-content\/uploads\/Vinduene_Rognes_7370-768x512.jpg 768w, http:\/\/slapakunst.com\/wp-content\/uploads\/Vinduene_Rognes_7370-1536x1024.jpg 1536w, http:\/\/slapakunst.com\/wp-content\/uploads\/Vinduene_Rognes_7370.jpg 2000w\" sizes=\"auto, (max-width: 1024px) 100vw, 1024px\" \/><\/figure>\n\n\n\n<p class=\"has-small-font-size\"><strong>Fever of defiance, 2016 <\/strong><br>Tekstiler<br> 75 000 NOK + 5% BKH <\/p>\n\n\n\n<p class=\"has-small-font-size\"><strong>Hook, 2016 <\/strong><br>Tekstil og metall<br> 50 000 NOK + 5% BKH <\/p>\n\n\n\n<p class=\"has-small-font-size\"><strong>Shapes of Violence, 2016 <\/strong><br>Tekstil, metall, gulvpanel <br>95 000 NOK + 5% BKH <\/p>\n\n\n\n<p class=\"has-small-font-size\"><strong>Tease, 2016 <\/strong><br>Tekstil og metall<br>60 000 NOK + 5% BKH <br><\/p>\n\n\n\n<p class=\"has-small-font-size\">Det som r\u00f8rer seg i meg <br><br>et ulmende sted av dump smerte<br>av hoven masse det som fyller revnen i brystkassa <br><br>gapet som eser og presser seg ut mellom ribbena <br>renner ut i klaser og limer meg til sengen <br><br>smelter kj\u00f8tt og knokler <br>geleider meg ned til jorden <br><br>som tidvis reiser seg i villrede<br>og krevende, sultent, tvinger meg p\u00e5 slep <br><br>krever min menneskelighet <br>fort\u00e6rer og forf\u00f8rer <br><br>\u00e5 sette form p\u00e5 dette ordl\u00f8se stedet <br>forml\u00f8se vesenet<br>som presser seg ut over meg<\/p>\n\n\n\n<p><\/p>\n\n\n\n<p class=\"has-small-font-size\"><strong>Pia Antonsen Rognes <\/strong>(1986, Trondheim) <br><br>Pia jobber med skulpturelle verk i tekstile materialer, og unders\u00f8ker temaer som indre konflikt og selvdestruktiv atferd. Motstridende assosiasjoner og forvridde kroppslige former er uttrykk som kjennetegner hennes arbeider og skaper et spr\u00e5k for det usagte, usette og skamfulle. <br><br>Rognes har en MA i billedkunst fra Iceland Academy of the Arts i Reykjavik (2014), og en BA i tekstilkunst fra Kunst og Designh\u00f8gskolen i Bergen (2012). I 2015 mottok hun debutantprisen ved den 39. Tr\u00f8ndelagsutstillingen, og i 2013 Kunsth\u00e5ndverkprisen fra Bildende kunstneres hjelpefond ved \u00c5rsutstillingen 2013. I 2018 viste hun separatutstillingen \u00c5 begj\u00e6re vold p\u00e5 Tr\u00f8ndelag senter for samtidskunst. H\u00f8sten 2020 viser hun separatutstilling p\u00e5 Babel visningsrom for kunst, og januar 2021 separatutstilling p\u00e5 Buskerud kunstsenter. <br><br><a href=\"http:\/\/www.piaarognes.com\">www.piaarognes.com <\/a><\/p>\n\n\n\n<figure class=\"wp-block-image size-large\"><img loading=\"lazy\" decoding=\"async\" width=\"1024\" height=\"682\" src=\"http:\/\/slapakunst.com\/wp-content\/uploads\/Vinduene_Rognes_Detalj_7196-1024x682.jpg\" alt=\"\" class=\"wp-image-1104\" srcset=\"http:\/\/slapakunst.com\/wp-content\/uploads\/Vinduene_Rognes_Detalj_7196-1024x682.jpg 1024w, http:\/\/slapakunst.com\/wp-content\/uploads\/Vinduene_Rognes_Detalj_7196-300x200.jpg 300w, http:\/\/slapakunst.com\/wp-content\/uploads\/Vinduene_Rognes_Detalj_7196-768x512.jpg 768w, http:\/\/slapakunst.com\/wp-content\/uploads\/Vinduene_Rognes_Detalj_7196-1536x1024.jpg 1536w, http:\/\/slapakunst.com\/wp-content\/uploads\/Vinduene_Rognes_Detalj_7196.jpg 2000w\" sizes=\"auto, (max-width: 1024px) 100vw, 1024px\" \/><\/figure>\n\n\n\n<p class=\"has-small-font-size\">\/<\/p>\n\n\n\n<p class=\"has-small-font-size\"><strong>Fever of defiance, 2016 <\/strong><br>Textiles<br> 75 000 NOK + 5% BKH <\/p>\n\n\n\n<p class=\"has-small-font-size\"><strong>Hook, 2016 <\/strong><br>Textile and metal<br> 50 000 NOK + 5% BKH <\/p>\n\n\n\n<p class=\"has-small-font-size\"><strong>Shapes of Violence, 2016 <\/strong><br>Textile, metal, floor panels<br>95 000 NOK + 5% BKH <\/p>\n\n\n\n<p class=\"has-small-font-size\"><strong>Tease, 2016 <\/strong><br>Textile and metal<br>60 000 NOK + 5% BKH <br><\/p>\n\n\n\n<p class=\"has-small-font-size\">That which moves within me<br><br>a smoldering place of blunt pain, of swollen mass<br>that which fills the cavity of my chest<br><br>the void that swells and pushes through my ribs<br>runs out in clusters and glues me to the bed<br><br>melts meat and bones<br>guides me to the ground<br><br>then rise in discomposure<br><br>grueling, hungry, taking me in tow<br><br>demanding my humanity<br>devours and seduces<br><br>To make shape of this wordless place<br>this shapeless being<br>that extrudes onto me<\/p>\n\n\n\n<p class=\"has-small-font-size\"><br><\/p>\n\n\n\n<p class=\"has-small-font-size\"><strong>Pia Antonsen Rognes<\/strong> (b. 1986, Trondheim) creates sculptural works in textile materials that examine the themes of inner conflict and self-destructive behavior. Opposing associations, together with contorted bodily shapes, are key features in her work that creates a language for the untold, the unseen and the shameful.<br><br>Rognes&#8217; has an MA in Fine Art from Iceland Academy of the Arts in Reykjavik (2014), and a BA in Textile Art from Bergen Academy of Art and Design (2012). I 2015 she received the Debutant Prize at the 39. Tr\u00f8ndelagsutstillingen, and in 2013 she was awarded the Craft Prize from the Visual Artists Assistance Fund at the juried exhibition Craft 2013. In 2018 she presented the solo exhibition Desiring Violence at Tr\u00f8ndelag Centre for Contemporary Art (TSSK) Next up is a solo exhibition at Babel in Trondheim 2020 and at Buskerud kunstsenter 2021.<\/p>\n\n\n\n<p class=\"has-small-font-size\"><a href=\"http:\/\/www.piaarognes.com\">www.piaarognes.com<\/a><\/p>\n\n\n\n<p class=\"has-small-font-size\"><br><\/p>\n\n\n\n<p class=\"has-small-font-size\"><a href=\"http:\/\/www.piaarognes.com\"><br><\/a><\/p>\n","protected":false},"excerpt":{"rendered":"<p>Fever of defiance, 2016 Tekstiler 75 000 NOK + 5% BKH Hook, 2016 Tekstil og metall 50 000 NOK + 5% BKH Shapes of Violence, 2016 Tekstil, metall, gulvpanel 95 000 NOK + 5% BKH Tease, 2016 Tekstil og metall60 000 NOK + 5% BKH Det som r\u00f8rer seg i meg et ulmende sted av &hellip; <a href=\"http:\/\/slapakunst.com\/kjolelageret\/vinduene\/pia-antonsen-rognes\/\" class=\"more-link\">Continue reading <span class=\"screen-reader-text\">Pia Antonsen Rognes<\/span><\/a><\/p>\n","protected":false},"author":3,"featured_media":0,"parent":911,"menu_order":0,"comment_status":"closed","ping_status":"closed","template":"","meta":{"jetpack_post_was_ever_published":false,"footnotes":""},"class_list":["post-1077","page","type-page","status-publish","hentry"],"jetpack_sharing_enabled":true,"jetpack_shortlink":"https:\/\/wp.me\/P8JsMB-hn","_links":{"self":[{"href":"http:\/\/slapakunst.com\/kjolelageret\/wp-json\/wp\/v2\/pages\/1077","targetHints":{"allow":["GET"]}}],"collection":[{"href":"http:\/\/slapakunst.com\/kjolelageret\/wp-json\/wp\/v2\/pages"}],"about":[{"href":"http:\/\/slapakunst.com\/kjolelageret\/wp-json\/wp\/v2\/types\/page"}],"author":[{"embeddable":true,"href":"http:\/\/slapakunst.com\/kjolelageret\/wp-json\/wp\/v2\/users\/3"}],"replies":[{"embeddable":true,"href":"http:\/\/slapakunst.com\/kjolelageret\/wp-json\/wp\/v2\/comments?post=1077"}],"version-history":[{"count":6,"href":"http:\/\/slapakunst.com\/kjolelageret\/wp-json\/wp\/v2\/pages\/1077\/revisions"}],"predecessor-version":[{"id":1115,"href":"http:\/\/slapakunst.com\/kjolelageret\/wp-json\/wp\/v2\/pages\/1077\/revisions\/1115"}],"up":[{"embeddable":true,"href":"http:\/\/slapakunst.com\/kjolelageret\/wp-json\/wp\/v2\/pages\/911"}],"wp:attachment":[{"href":"http:\/\/slapakunst.com\/kjolelageret\/wp-json\/wp\/v2\/media?parent=1077"}],"curies":[{"name":"wp","href":"https:\/\/api.w.org\/{rel}","templated":true}]}}